 millions digit of 3081442910?
0
What is the hundreds digit of 18187895?
8
What is the hundreds digit of 3269765150?
1
What is the millions digit of 1638888325?
8
What is the hundreds digit of 21393087?
0
What is the hundred thousands digit of 77930577?
9
What is the units digit of 173930796?
6
What is the billions digit of 3098896351?
3
What is the ten millions digit of 36048564?
3
What is the units digit of 24856153?
3
What is the thousands digit of 120609456?
9
What is the hundreds digit of 115653753?
7
What is the tens digit of 64165268?
6
What is the ten thousands digit of 745152435?
5
What is the hundred millions digit of 103424209?
1
What is the hundred thousands digit of 1131207630?
2
What is the hundreds digit of 247649985?
9
What is the tens digit of 1477288013?
1
What is the units digit of 53196440?
0
What is the thousands digit of 4772929907?
9
What is the thousands digit of 236218497?
8
What is the units digit of 1157435079?
9
What is the thousands digit of 922834615?
4
What is the ten millions digit of 32378602?
3
What is the hundreds digit of 117881987?
9
What is the units digit of 5231014705?
5
What is the ten millions digit of 337748788?
3
What is the hundred thousands digit of 566925128?
9
What is the ten thousands digit of 131380950?
8
What is the hundred millions digit of 684137459?
6
What is the tens digit of 49432?
3
What is the units digit of 585703668?
8
What is the hundred millions digit of 301274556?
3
What is the ten thousands digit of 83870479?
7
What is the ten thousands digit of 992010752?
1
What is the thousands digit of 1893755780?
5
What is the hundreds digit of 55249164?
1
What is the billions digit of 3146875373?
3
What is the millions digit of 133067345?
3
What is the ten thousands digit of 1156768493?
6
What is the ten thousands digit of 2192054602?
5
What is the hundred thousands digit of 53741572?
7
What is the hundred thousands digit of 144959427?
9
What is the ten millions digit of 5576933318?
7
What is the ten thousands digit of 95747648?
4
What is the tens digit of 75268071?
7
What is the ten thousands digit of 146725526?
2
What is the hundreds digit of 373504193?
1
What is the ten thousands digit of 540794601?
9
What is the hundred millions digit of 2302960776?
3
What is the tens digit of 5978145?
4
What is the hundreds digit of 1954840540?
5
What is the hundred millions digit of 5771421314?
7
What is the hundred thousands digit of 45981625?
9
What is the millions digit of 39768201?
9
What is the hundreds digit of 51134235?
2
What is the millions digit of 202763502?
2
What is the ten thousands digit of 611548563?
4
What is the millions digit of 776046265?
6
What is the millions digit of 860484204?
0
What is the tens digit of 16602839?
3
What is the ten thousands digit of 201339724?
3
What is the tens digit of 319191434?
3
What is the tens digit of 640883989?
8
What is the hundred millions digit of 136891002?
1
What is the ten thousands digit of 143569227?
6
What is the tens digit of 48215251?
5
What is the ten thousands digit of 590846995?
4
What is the hundreds digit of 51241233?
2
What is the thousands digit of 1583046576?
6
What is the tens digit of 70385608?
0
What is the millions digit of 44546598?
4
What is the tens digit of 107621152?
5
What is the millions digit of 263982877?
3
What is the units digit of 183497056?
6
What is the ten millions digit of 1441943753?
4
What is the millions digit of 38942386?
8
What is the tens digit of 537233733?
3
What is the tens digit of 183937175?
7
What is the ten thousands digit of 1634873337?
7
What is the thousands digit of 83455538?
5
What is the ten thousands digit of 15143521?
4
What is the hundred thousands digit of 2386840?
3
What is the hundred millions digit of 4427493176?
4
What is the thousands digit of 454780760?
0
What is the units digit of 27932547?
7
What is the hundred millions digit of 2891082876?
8
What is the thousands digit of 369084774?
4
What is the hundred thousands digit of 892859873?
8
What is the units digit of 27684933?
3
What is the ten thousands digit of 373967120?
6
What is the tens digit of 433468507?
0
What is the thousands digit of 2239109672?
9
What is the hundreds digit of 421676307?
3
What is the ten thousands digit of 703682770?
8
What is the ten millions digit of 51060817?
5
What is the ten thousands digit of 419234814?
3
What is the hundreds digit of 18209150?
1
What is the hundreds digit of 20493172?
1
What is the hundred thousands digit of 223579598?
5
What is the ten millions digit of 48278474?
4
What is the hundred thousands digit of 360619366?
6
What is the units digit of 56290832?
2
What is the hundreds digit of 237228?
2
What is the tens digit of 374020704?
0
What is the hundreds digit of 53838592?
5
What is the thousands digit of 26810311?
0
What is the ten millions digit of 2298202705?
9
What is the tens digit of 1845573986?
8
What is the hundred thousands digit of 600036923?
0
What is the hundred millions digit of 104651267?
1
What is the ten millions digit of 92462851?
9
What is the units digit of 839143581?
1
What is the hundred thousands digit of 73539092?
5
What is the units digit of 53747428?
8
What is the millions digit of 283976265?
3
What is the thousands digit of 66955937?
5
What is the millions digit of 254097470?
4
What is the hundreds digit of 64727607?
6
What is the ten millions digit of 30013001?
3
What is the ten millions digit of 43293141?
4
What is the hundred thousands digit of 25101468?
1
What is the billions digit of 1386162620?
1
What is the tens digit of 972303653?
5
What is the units digit of 722844412?
2
What is the hundreds digit of 825506596?
5
What is the units digit of 108329733?
3
What is the hundreds digit of 57386156?
1
What is the hundred millions digit of 388233158?
3
What is the tens digit of 1533201369?
6
What is the hundreds digit of 109830983?
9
What is the millions digit of 875096351?
5
What is the millions digit of 792340491?
2
What is the hundred thousands digit of 145349361?
3
What is the hundreds digit of 1408863577?
5
What is the units digit of 672175935?
5
What is the tens digit of 541432808?
0
What is the units digit of 39992185?
5
What is the thousands digit of 768045551?
5
What is the hundreds digit of 62447233?
2
What is the millions digit of 86688903?
6
What is the ten millions digit of 102313937?
0
What is the ten millions digit of 4606507919?
0
What is the hundreds digit of 970876458?
4
What is the tens digit of 173745561?
6
What is the millions digit of 1111534479?
1
What is the hundred thousands digit of 2570313?
5
What is the hundred thousands digit of 288739790?
7
What is the thousands digit of 3335737179?
7
What is the hundreds digit of 71023473?
4
What is the ten thousands digit of 109601637?
0
What is the units digit of 51712281?
1
What is the tens digit of 2940910635?
3
What is the millions digit of 139280698?
9
What is the ten millions digit of 112305539?
1
What is the millions digit of 38498899?
8
What is the hundred thousands digit of 635116034?
1
What is the tens digit of 2461466385?
8
What is the hundreds digit of 5893245522?
5
What is the ten millions digit of 38320155?
3
What is the ten thousands digit of 231961063?
6
What is the ten millions digit of 87478850?
8
What is the tens digit of 71711764?
6
What is the tens digit of 2145193589?
8
What is the ten thousands digit of 3114959947?
5
What is the ten millions digit of 36277689?
3
What is the tens digit of 56039954?
5
What is the ten millions digit of 483048075?
8
What is the units digit of 50439051?
1
What is the ten thousands digit of 13753489?
5
What is the ten millions digit of 54299638?
5
What is the hundreds digit of 300651319?
3
What is the ten millions digit of 1982277037?
8
What is the millions digit of 16127621?
6
What is the thousands digit of 253923956?
3
What is the tens digit of 548954672?
7
What is the thousands digit of 32714931?
4
What is the tens digit of 982604559?
5
What is the ten millions digit of 687765813?
8
What is the ten millions digit of 98646353?
9
What is the hundred thousands digit of 551583227?
5
What is the ten thousands digit of 912888342?
8
What is the ten millions digit of 54301186?
5
What is the millions digit of 1091201554?
1
What is the hundred thous